{"id":14051,"date":"2023-08-03T21:15:42","date_gmt":"2023-08-03T21:15:42","guid":{"rendered":"https:\/\/quintellaseguros.com.br\/?page_id=14051"},"modified":"2023-10-10T18:44:20","modified_gmt":"2023-10-10T18:44:20","slug":"quem-somos","status":"publish","type":"page","link":"https:\/\/quintellaseguros.com.br\/index.php\/quem-somos\/","title":{"rendered":"Quem somos"},"content":{"rendered":"\t\t<div data-elementor-type=\"wp-page\" data-elementor-id=\"14051\" class=\"elementor elementor-14051\" data-elementor-post-type=\"page\">\n\t\t\t\t\t\t\t\t\t<section class=\"elementor-section elementor-top-section elementor-element elementor-element-e3f2ff3 elementor-section-height-min-height bdt-particles-yes elementor-section-boxed elementor-section-height-default elementor-section-items-middle\" data-id=\"e3f2ff3\" data-element_type=\"section\" data-settings=\"{&quot;background_background&quot;:&quot;classic&quot;,&quot;section_particles_on&quot;:&quot;yes&quot;,&quot;section_particles_js&quot;:&quot;{\\n  \\&quot;particles\\&quot;: {\\n    \\&quot;number\\&quot;: {\\n      \\&quot;value\\&quot;: 6,\\n      \\&quot;density\\&quot;: {\\n        \\&quot;enable\\&quot;: true,\\n        \\&quot;value_area\\&quot;: 800\\n      }\\n    },\\n    \\&quot;color\\&quot;: {\\n      \\&quot;value\\&quot;: \\&quot;#d2d7ff\\&quot;\\n    },\\n    \\&quot;shape\\&quot;: {\\n      \\&quot;type\\&quot;: \\&quot;polygon\\&quot;,\\n      \\&quot;stroke\\&quot;: {\\n        \\&quot;width\\&quot;: 0,\\n        \\&quot;color\\&quot;: \\&quot;#000\\&quot;\\n      },\\n      \\&quot;polygon\\&quot;: {\\n        \\&quot;nb_sides\\&quot;: 6\\n      },\\n      \\&quot;image\\&quot;: {\\n        \\&quot;src\\&quot;: \\&quot;img\\\/github.svg\\&quot;,\\n        \\&quot;width\\&quot;: 100,\\n        \\&quot;height\\&quot;: 100\\n      }\\n    },\\n    \\&quot;opacity\\&quot;: {\\n      \\&quot;value\\&quot;: 0.1,\\n      \\&quot;random\\&quot;: true,\\n      \\&quot;anim\\&quot;: {\\n        \\&quot;enable\\&quot;: false,\\n        \\&quot;speed\\&quot;: 1,\\n        \\&quot;opacity_min\\&quot;: 0.1,\\n        \\&quot;sync\\&quot;: false\\n      }\\n    },\\n    \\&quot;size\\&quot;: {\\n      \\&quot;value\\&quot;: 160,\\n      \\&quot;random\\&quot;: false,\\n      \\&quot;anim\\&quot;: {\\n        \\&quot;enable\\&quot;: true,\\n        \\&quot;speed\\&quot;: 10,\\n        \\&quot;size_min\\&quot;: 40,\\n        \\&quot;sync\\&quot;: false\\n      }\\n    },\\n    \\&quot;line_linked\\&quot;: {\\n      \\&quot;enable\\&quot;: false,\\n      \\&quot;distance\\&quot;: 200,\\n      \\&quot;color\\&quot;: \\&quot;#ffffff\\&quot;,\\n      \\&quot;opacity\\&quot;: 1,\\n      \\&quot;width\\&quot;: 2\\n    },\\n    \\&quot;move\\&quot;: {\\n      \\&quot;enable\\&quot;: true,\\n      \\&quot;speed\\&quot;: 8,\\n      \\&quot;direction\\&quot;: \\&quot;none\\&quot;,\\n      \\&quot;random\\&quot;: false,\\n      \\&quot;straight\\&quot;: false,\\n      \\&quot;out_mode\\&quot;: \\&quot;out\\&quot;,\\n      \\&quot;bounce\\&quot;: false,\\n      \\&quot;attract\\&quot;: {\\n        \\&quot;enable\\&quot;: false,\\n        \\&quot;rotateX\\&quot;: 600,\\n        \\&quot;rotateY\\&quot;: 1200\\n      }\\n    }\\n  },\\n  \\&quot;interactivity\\&quot;: {\\n    \\&quot;detect_on\\&quot;: \\&quot;canvas\\&quot;,\\n    \\&quot;events\\&quot;: {\\n      \\&quot;onhover\\&quot;: {\\n        \\&quot;enable\\&quot;: false,\\n        \\&quot;mode\\&quot;: \\&quot;grab\\&quot;\\n      },\\n      \\&quot;onclick\\&quot;: {\\n        \\&quot;enable\\&quot;: false,\\n        \\&quot;mode\\&quot;: \\&quot;push\\&quot;\\n      },\\n      \\&quot;resize\\&quot;: true\\n    },\\n    \\&quot;modes\\&quot;: {\\n      \\&quot;grab\\&quot;: {\\n        \\&quot;distance\\&quot;: 400,\\n        \\&quot;line_linked\\&quot;: {\\n          \\&quot;opacity\\&quot;: 1\\n        }\\n      },\\n      \\&quot;bubble\\&quot;: {\\n        \\&quot;distance\\&quot;: 400,\\n        \\&quot;size\\&quot;: 40,\\n        \\&quot;duration\\&quot;: 2,\\n        \\&quot;opacity\\&quot;: 8,\\n        \\&quot;speed\\&quot;: 3\\n      },\\n      \\&quot;repulse\\&quot;: {\\n        \\&quot;distance\\&quot;: 200,\\n        \\&quot;duration\\&quot;: 0.4\\n      },\\n      \\&quot;push\\&quot;: {\\n        \\&quot;particles_nb\\&quot;: 4\\n      },\\n      \\&quot;remove\\&quot;: {\\n        \\&quot;particles_nb\\&quot;: 2\\n      }\\n    }\\n  },\\n  \\&quot;retina_detect\\&quot;: true\\n}&quot;}\">\n\t\t\t\t\t\t\t<div class=\"elementor-background-overlay\"><\/div>\n\t\t\t\t\t\t\t<div class=\"elementor-container elementor-column-gap-default\">\n\t\t\t\t\t<div class=\"aux-parallax-section elementor-column elementor-col-100 elementor-top-column elementor-element elementor-element-c334bec\" data-id=\"c334bec\" data-element_type=\"column\">\n\t\t\t<div class=\"elementor-widget-wrap elementor-element-populated\">\n\t\t\t\t\t\t\t\t<div class=\"elementor-element elementor-element-541856e elementor-widget elementor-widget-heading\" data-id=\"541856e\" data-element_type=\"widget\" data-widget_type=\"heading.default\">\n\t\t\t\t<div class=\"elementor-widget-container\">\n\t\t\t<h2 class=\"elementor-heading-title elementor-size-default\">Quem somos<\/h2>\t\t<\/div>\n\t\t\t\t<\/div>\n\t\t\t\t\t<\/div>\n\t\t<\/div>\n\t\t\t\t\t\t\t<\/div>\n\t\t<\/section>\n\t\t\t\t<section class=\"elementor-section elementor-top-section elementor-element elementor-element-9b0dc01 elementor-section-boxed elementor-section-height-default elementor-section-height-default\" data-id=\"9b0dc01\" data-element_type=\"section\">\n\t\t\t\t\t\t<div class=\"elementor-container elementor-column-gap-default\">\n\t\t\t\t\t<div class=\"aux-parallax-section elementor-column elementor-col-100 elementor-top-column elementor-element elementor-element-678a3cb\" data-id=\"678a3cb\" data-element_type=\"column\">\n\t\t\t<div class=\"elementor-widget-wrap elementor-element-populated\">\n\t\t\t\t\t\t\t\t<div class=\"elementor-element elementor-element-9ed6394 elementor-widget elementor-widget-text-editor\" data-id=\"9ed6394\" data-element_type=\"widget\" data-widget_type=\"text-editor.default\">\n\t\t\t\t<div class=\"elementor-widget-container\">\n\t\t\t\t\t\t\t<h3>Quintella Seguros: Tradi\u00e7\u00e3o e Experi\u00eancia Desde 1937<\/h3>\n<p>Fundada em 1937 por Jo\u00e3o Mauricio Quintella, a Quintella Seguros traz consigo uma hist\u00f3ria de sucesso e comprometimento com a prote\u00e7\u00e3o e bem-estar de nossos clientes. Com vasta experi\u00eancia no ramo de seguros, somos uma corretora especializada na comercializa\u00e7\u00e3o e administra\u00e7\u00e3o de seguros, com a miss\u00e3o de buscar solu\u00e7\u00f5es que atendam os anseios de cada cliente, oferecendo qualidade de servi\u00e7os, seguran\u00e7a, produtos diferenciados e opera\u00e7\u00f5es pautadas pela seriedade.<\/p>\n<p>Nossa corretora oferece uma ampla variedade de seguros, incluindo seguro autom\u00f3vel, residencial, de vida, previd\u00eancia, fian\u00e7a locat\u00edcia, cons\u00f3rcios, seguro viagem, n\u00e1uticos e v\u00e1rios outros. Dessa forma, podemos atender a todas as \u00e1reas importantes da vida de nossos clientes, proporcionando seguran\u00e7a e prote\u00e7\u00e3o em cada etapa de suas jornadas.<br><\/p>\n<h4>Nosso Prop\u00f3sito:<\/h4>\n<p>Nossa empresa nasceu com a vis\u00e3o de ser refer\u00eancia no mercado de seguros, e ao longo dos anos, consolidamos nossa reputa\u00e7\u00e3o como uma das seguradoras mais s\u00f3lidas e confi\u00e1veis do Brasil. Nosso prop\u00f3sito \u00e9 cuidar do que \u00e9 mais importante para nossos clientes, proporcionando prote\u00e7\u00e3o e tranquilidade em todas as \u00e1reas de suas vidas.<\/p>\n<h4>Atendimento Personalizado:<\/h4>\n<p>Aqui na Quintella Seguros, valorizamos cada cliente como \u00fanico. Compreendemos que as necessidades de cada pessoa s\u00e3o distintas, por isso, nossa equipe de profissionais altamente capacitados est\u00e1 sempre pronta para ouvir e entender suas demandas espec\u00edficas. Oferecemos um atendimento personalizado, garantindo que cada cliente receba as solu\u00e7\u00f5es mais adequadas \u00e0s suas necessidades individuais.<\/p>\n<h4>Ampla Gama de Servi\u00e7os:<\/h4>\n<p>Nossa corretora oferece uma ampla variedade de seguros, incluindo seguro autom\u00f3vel, residencial, de vida, previd\u00eancia, fian\u00e7a locat\u00edcia, cons\u00f3rcios, seguro viagem, n\u00e1uticos e entre outros. Dessa forma, podemos atender a todas as \u00e1reas importantes da vida de nossos clientes, proporcionando seguran\u00e7a e prote\u00e7\u00e3o em cada etapa de suas jornadas.<\/p>\n<h4>Parcerias Estrat\u00e9gicas:<\/h4>\n<p>Trabalhamos em parceria com as melhores seguradoras do pa\u00eds, o que nos permite oferecer as mais vantajosas op\u00e7\u00f5es em coberturas e pre\u00e7os competitivos. Nossas parcerias estrat\u00e9gicas garantem que nossos clientes tenham acesso a produtos de alta qualidade, com todas as garantias e benef\u00edcios necess\u00e1rios.<\/p>\n<h4>Compromisso com a Excel\u00eancia:<\/h4>\n<p>Nosso compromisso \u00e9 oferecer um servi\u00e7o de excel\u00eancia, garantindo agilidade e efici\u00eancia em todas as etapas do processo, desde a contrata\u00e7\u00e3o at\u00e9 o atendimento em casos de sinistros. Acreditamos que a confian\u00e7a \u00e9 a base de qualquer relacionamento duradouro, e \u00e9 por isso que buscamos sempre superar as expectativas de nossos clientes.<\/p>\n<h4>Fa\u00e7a Parte da Nossa Hist\u00f3ria:<\/h4>\n<p>Ao longo dos anos, constru\u00edmos uma trajet\u00f3ria de sucesso e dedica\u00e7\u00e3o \u00e0 prote\u00e7\u00e3o de nossos clientes. Fa\u00e7a parte da nossa hist\u00f3ria e deixe a Quintella Seguros cuidar do que \u00e9 mais importante para voc\u00ea e sua fam\u00edlia. Fa\u00e7a uma cota\u00e7\u00e3o conosco e descubra como podemos oferecer as melhores solu\u00e7\u00f5es para proteger seu patrim\u00f4nio e garantir seu bem-estar.<\/p>\t\t\t\t\t\t<\/div>\n\t\t\t\t<\/div>\n\t\t\t\t\t<\/div>\n\t\t<\/div>\n\t\t\t\t\t\t\t<\/div>\n\t\t<\/section>\n\t\t\t\t\t\t\t<\/div>\n\t\t","protected":false},"excerpt":{"rendered":"<p>Quem somos Quintella Seguros: Tradi\u00e7\u00e3o e Experi\u00eancia Desde 1937 Fundada em 1937 por Jo\u00e3o Mauricio Quintella, a Quintella Seguros traz consigo uma hist\u00f3ria de sucesso e comprometimento com a prote\u00e7\u00e3o e bem-estar de nossos clientes. Com vasta experi\u00eancia no ramo de seguros, somos uma corretora especializada na comercializa\u00e7\u00e3o e administra\u00e7\u00e3o de seguros, com a miss\u00e3o [&hellip;]<\/p>\n","protected":false},"author":1,"featured_media":0,"parent":0,"menu_order":0,"comment_status":"closed","ping_status":"closed","template":"elementor_header_footer","meta":{"footnotes":""},"class_list":["post-14051","page","type-page","status-publish","hentry"],"aioseo_notices":[],"_links":{"self":[{"href":"https:\/\/quintellaseguros.com.br\/index.php\/wp-json\/wp\/v2\/pages\/14051","targetHints":{"allow":["GET"]}}],"collection":[{"href":"https:\/\/quintellaseguros.com.br\/index.php\/wp-json\/wp\/v2\/pages"}],"about":[{"href":"https:\/\/quintellaseguros.com.br\/index.php\/wp-json\/wp\/v2\/types\/page"}],"author":[{"embeddable":true,"href":"https:\/\/quintellaseguros.com.br\/index.php\/wp-json\/wp\/v2\/users\/1"}],"replies":[{"embeddable":true,"href":"https:\/\/quintellaseguros.com.br\/index.php\/wp-json\/wp\/v2\/comments?post=14051"}],"version-history":[{"count":13,"href":"https:\/\/quintellaseguros.com.br\/index.php\/wp-json\/wp\/v2\/pages\/14051\/revisions"}],"predecessor-version":[{"id":14115,"href":"https:\/\/quintellaseguros.com.br\/index.php\/wp-json\/wp\/v2\/pages\/14051\/revisions\/14115"}],"wp:attachment":[{"href":"https:\/\/quintellaseguros.com.br\/index.php\/wp-json\/wp\/v2\/media?parent=14051"}],"curies":[{"name":"wp","href":"https:\/\/api.w.org\/{rel}","templated":true}]}}